+ 6. Let o(h) = 1. Let f(y) = -g(y) + 6*o(y). Calculate f(m).
-6
Let r(x) = x - 17. Let n(y) = y**3 - 2*y**2 + 22*y - 51. Let u be n(2). What is r(u)?
-24
Let q(d) = 13*d - 47 + 20 + 8 + 29. Determine q(-1).
-3
Let l(z) = z. Let p be l(0). Suppose p = -3*i + 4*i - 10. Let f(o) be the first derivative of o**3/3 - 6*o**2 + 15*o - 214. Give f(i).
-5
Let j(x) = x**3 + 3*x**2 - x - 5. Let s(l) = 3*l**3 + 5*l**2 - 2*l - 11. Let b(d) = 5*j(d) - 2*s(d). Suppose -3*g + 112 = 100. What is b(g)?
9
Let i(g) be the second derivative of g**3/6 - g**2/2 - 12*g. Let p be i(3). Suppose 0 - 2 = -p*t. Let n(b) = b - 1. What is n(t)?
0
Let u(p) be the first derivative of -11*p**4/4 + 2*p**3/3 - p**2/2 + 1. Suppose 4*x + 386 = -q + 407, q - 18 = -x. Calculate u(x).
-10
Let z = -15 - -17. Suppose -2*u + y + 64 = 59, 2*u = 4*y + z. Let i(h) = -h + 2. Calculate i(u).
-1
Let h(w) = -w - 3. Let y be -10 + 7 - 8/(-1). Let r(c) = c + 4. Let p(a) = y*r(a) + 6*h(a). What is p(3)?
-1
Let r(k) = 26*k**3 - k**2. Let i be 18 - 18 - (0 - -1). Let a be (4 + i + -2)*(28 + -29). Give r(a).
-27
Let m(i) = -6*i**2 + 2*i + 2. Let z(f) = -3*f - 1 - 1932*f**2 - 1 + 1939*f**2. Suppose -6 = -3*q + 12. Let x(p) = q*m(p) + 5*z(p). Give x(-4).
-2
Let j = 6070 - 6081. Let p(f) = -12*f - 123. Calculate p(j).
9
Suppose -5*z + 39*r = 40*r - 36, 0 = -3*z - 4*r + 42. Let f(o) = -o**3 + 5*o**2 + 11*o - 27. Determine f(z).
3
Let a = 162 - 136. Let h(y) = 13*y + a*y - 40*y. Determine h(6).
-6
Let d(x) = -3*x**2 + 3*x - 2. Let u be (-32)/(-80) + 13/5. Determine d(u).
-20
Suppose -48*x + 36*x = 60. Let a(w) = -3*w**2 - 11*w + 9. Calculate a(x).
-11
Let o(p) = -3*p + 133. Let f(g) = -8*g + 404. Let r(x) = -2*f(x) + 7*o(x). Determine r(23).
8
Let c(u) = -2*u - 23. Let p be -21 + 14 - (3 + 0). Determine c(p).
-3
Let q(f) = 2*f**3 + f**2 - f - 4. Let c(w) = -7*w**3 - 4*w**2 + 4*w + 15. Let p(d) = 6*c(d) + 22*q(d). Suppose -7593 + 7707 = 57*i. What is p(i)?
14
Let a(i) = -3*i - 4. Suppose -8*q - 13 = -125. Let m = -15 + q. Let y be -8 - (5 + m + -8). Give a(y).
8
Let r(w) = -w**2 - 15*w + 16. Let h be r(-16). Let q(i) be the first derivative of i**4/4 + i**2/2 + 6*i + 142. Calculate q(h).
6
Let u(b) = 2*b. Let n(o) = -o**2 + 9*o - 16. Let q(x) = -n(x) - 2*u(x). Give q(11).
-6
Let l(z) be the third derivative of -z**6/360 + z**5/40 - z**4/12 + 35*z**3/3 - 30*z**2. Let m(r) be the first derivative of l(r). What is m(-3)?
-20
Let v(i) = 40 - i - 24 + 7*i - i**2 - 24. Let a be v(4). Let g(h) = -6*h + 3*h + 3 - h**2 + 4*h + h**3. Determine g(a).
3
Let y(u) = -u + 2. Let g(k) = -4*k - 12. Let q be ((-45)/(-90))/((-1)/(-4)). Let l(h) = q*y(h) - g(h). What is l(-9)?
-2
Let b(j) be the third derivative of 13*j**5/60 + j**3/6 - 3*j**2. Suppose 2*a + 1 = -3*r, 3*a + 19*r - 20*r = 4. Give b(a).
14
Let f(v) = -6*v**2 - 3*v + 12. Suppose 37*k - 6*k + 19*k = 11*k. What is f(k)?
12
Let s be 10/((-4)/(16/(-5))). Let w(u) = u**2 - 12*u + 1. Determine w(s).
-31
Let b(l) be the first derivative of -254 + 7*l + 5/3*l**3 + 4*l**2 - 1/4*l**4. Give b(7).
-35
Suppose 6*w + 36 = 2*w. Let t(v) = 9*v + 10. Let x(g) = 13*g + 11. Let i(j) = -j**3 + 3*j**2 + 13*j - 36. Let q be i(3). Let s(y) = q*t(y) - 2*x(y). Give s(w).
-1
Suppose -4*c - 5*p - 7 + 70 = 0, -135 = -5*c + 5*p. Suppose 0 = -3*j + 47 + c. Let f(a) = 4 + a**2 + a**3 + j*a - 23*a. What is f(0)?
4
Let d(f) = -f**3 + 3*f**2 + 8*f + 5. Let u = -2931 + 2936. What is d(u)?
-5
Let i(s) = 13*s + 7. Let x be 2 + 66/(-6) - 270/(-30). Give i(x).
7
Let s be ((-9 + 9)/9)/1. Let l(b) be the second derivative of -1/6*b**3 + b - 1/12*b**4 - 3*b**2 + 0. Give l(s).
-6
Let z be 222/936 - ((-266)/(-247))/7. Let r(a) be the second derivative of 1/3*a**3 + 22*a + 0 - z*a**4 + 1/2*a**2. Determine r(5).
-14
Let m(l) = 2*l + 29. Let h(o) = 81. Let v(j) = h(j) - 2*m(j). Suppose -5*a = -5 - 0, 4*a = 3*w - 11. Determine v(w).
3
Let k be 130/(-25)*35/14. Let i(s) = -s - 13. What is i(k)?
0
Let h(j) = 11714 + 2*j**3 + 13*j - 5855 - 5859 - 10*j**2. Calculate h(3).
3
Let x(i) = i**3 + 8*i**2 - 8*i + 18. Let q = -13115 - -13106. Determine x(q).
9
Let n(w) = 13*w + 2*w + w**3 - 13*w**2 - 1 + 13 - 2*w. Suppose -13*r + 174 = 2*m + m, -4*r - 4*m + 72 = 0. Give n(r).
24
Suppose -2*w + 4*g - 288 = -3*w, 4*g = -2*w + 592. Let r = 312 - w. Let h(s) = s**2 - 3*s - 9. Calculate h(r).
31
Let j(b) be the first derivative of -b**3/3 - b**2 + 2*b + 9026. Let u(v) = v**3 + v**2 - v - 3. Let q be u(0). Calculate j(q).
-1
Let c(q) be the second derivative of -q**3/6 - 10*q**2 - 438*q + 1. What is c(-17)?
-3
Let j be (3/(-5))/((-1)/15). Let y(h) = j - h**2 - 30 + 3 + 15*h. Calculate y(14).
-4
Let q(n) = -n - 1. Let y(u) = u**2 + u + 4. Let b = 510 + -511. Let v(s) = b*y(s) + 3*q(s). Calculate v(-3).
-4
Let j(x) = -216*x**2 - 8*x + 129*x**3 - 130*x**3 + 209*x**2 - 3 + 7. What is j(-3)?
-8
Let s(g) = 14*g - 41. Let b(r) = 10*r - 44. Let q(l) = 3*b(l) - 4*s(l). Determine q(5).
-98
Let c(w) be the second derivative of w**5/20 - w**4/12 - w**3/3 + w**2/2 - w. Let y = 73843 - 73840. Calculate c(y).
13
Let i(d) = d**2 - 3*d - 5. Let z(k) = 4*k**2 - 219*k + 159. Let f be z(54). Calculate i(f).
13
Let j(g) = -g**3 - 14*g**2 - 2*g - 19. Let o be (-1030)/206 - (-1 + 0 - 6). Suppose -5*n + 3*q = 85, -o*n + 3*q = 4*q + 23. Determine j(n).
9
Let y(a) = -435 - 859*a**2 + 1725*a**2 - 867*a**2 - 63*a. What is y(-8)?
5
Let d(x) = -x**3 - 5*x**2 + 11*x - 20. Let z be d(-7). Let n be z*(0 - (-3 - -4))*-713. Let u(m) = -4 - 3 - n*m + 706*m + m**2. Calculate u(8).
1
Let a(q) = -q**2 + q + 6. Suppose 10 - 6 = -2*i, -z = 3*i + 32. Let f be 1/((z/24)/(-13)). Suppose -5*t = -3*s - f - 3, -s - 5 = 0. What is a(t)?
6
Let n be 26/(-117) + 195/27. Let h(u) = -158 + n*u + 76 + 86. Give h(-4).
-24
Let q(z) = z + 21. Suppose -5*j + 18 = x, 4*j = 4*x - 20 - 52. Let g(b) = b - 27. Let k be g(x). Give q(k).
12
Let x(t) = -t**3 - 2*t**2 + 13*t - 20. Let o(v) = 45*v + 4854. Let c be o(-108). Determine x(c).
46
Let k(g) = 23*g - 8. Let p(y) = 20*y - 5. Let x(l) = 3*k(l) - 4*p(l). Give x(1).
-15
Let w(i) = -13*i + 14. Let t(o) = -10*o + 23. Let v(p) = 6*t(p) - 5*w(p). Determine v(-27).
-67
Let o(f) = -4*f**3 + 80*f**2 + 2*f - 40. Let b(z) = z**3 + 3*z**2 - 11*z + 15. Let y be b(-5). Give o(y).
0
Let c(y) = -2*y**3 - 5*y**2 + 2*y + 9. Suppose -2*v + u = 2, u = v - 2*u - 14. Give c(v).
49
Let a(w) = -3*w. Suppose -45*o + 15*o + 90 = 0. Suppose 0 = h - o, 20*x - 23*x - 2*h + 15 = 0. Calculate a(x).
-9
Let f(g) = -g**2 + 15*g + 3. Let y be 670/(-25)*(-4)/8 + 24/40. What is f(y)?
17
Let d(s) = -2*s**3 + s**3 + 12*s - 4*s**2 - 9 - 4*s**2 + 10*s**2. Let q be d(4). Let l(z) = -9*z + 3*z + 5*z + 12. Give l(q).
5
Let h(a) = 5 - 9*a + a**3 + 9*a - 3*a + 8*a - 8*a**2. Let j(m) = -3*m - 2. Let q be j(-3). Give h(q).
-9
Let g(p) be the second derivative of 7*p**3/2 + 6*p**2 - 5006*p. What is g(-1)?
-9
Let l(d) = -3*d**2 - 4*d + 8. Let f be l(-3). Let t = f + 24. Suppose 9*m - 40 = t*m. Let a(i) = -i + 2. Determine a(m).
7
Let x(v) = -4*v + 19 - 7 - 43 - 10. Determine x(-7).
-13
Suppose 6*w = 36 - 12. Let a be w/3 - 60/(-9). Let d(v) = 6 + 13 + v**2 - 11 - 8*v. What is d(a)?
8
Let h(r) be the third derivative of -r**5/60 - r**4/4 + 5*r**3/6 - 4042*r**2 - 1. Determine h(1).
-2
Let y(o) = -o**3 - 5*o**2 - 2*o + 5. Let t be y(-4). Let f(q) = -4*q - 14. Let w(h) = -4*h - 14. Let s(d) = 7*f(d) - 6*w(d). Calculate s(t).
-2
Let f be ((-10)/16)/(8/(-64)). Let l(g) = -f*g - 55 + 38 + 8. Give l(-6).
21
Let k(t) = -11242 + 22383 + 2*t - 11213. What is k(39)?
6
Suppose -7 - 14 = -3*u. Let m(y) = 4546*y + 2 - 4545*y - 19. Determine m(u).
-10
Let s(v) = 5*v + 1 + 11*v + v + 0*v. Let h be s(2). Let u(j) = -h + 2*j + j**2 + 0*j + 32. What is u(2)?
5
Let y = 93 - 11. Let t = 393 + -471. Let j = t + y. Let m(h) = -h**2 + 3*h + 5. Calculate m(j).
1
Let y(p) = -3*p + 2*p**2 - 7 + 3 + 3. Let m(t) = 313*t + 1570. Let b be m(-5). Determine y(b).
34
Let j = -3621 + 3591. Let m(a) = 2*a + 94. Calculate m(j).
34
Let o(f) = -3*f - 4. Let z be (112/(-10))/(1057/(-1510)). What is o(z)?
-52
Let b = 1189 - 1196. Let f(h) = 3*h**2 - 2*h + 7. Let t(d) = 2*d**2 - 3*d + 7. Let u(l) = 3*f(l) - 4*t(l). Give u(b).
0
Let b(f) = 3*f - 6. Let h be b(4). Let x(c) = -694. Let q(k) = k + 1037. Let t(u) = 2*q(u) + 3*